{"id":10861,"date":"2026-03-20T09:01:23","date_gmt":"2026-03-20T07:01:23","guid":{"rendered":"https:\/\/invosy.com\/se\/?page_id=10861"},"modified":"2026-03-20T09:04:17","modified_gmt":"2026-03-20T07:04:17","slug":"anvandarvillkor","status":"publish","type":"page","link":"https:\/\/invosy.com\/se\/eng\/anvandarvillkor\/","title":{"rendered":"Terms of Service"},"content":{"rendered":"<div data-elementor-type=\"wp-page\" data-elementor-id=\"10861\" class=\"elementor elementor-10861\" data-elementor-post-type=\"page\">\n\t\t\t\t<div class=\"elementor-element elementor-element-8fea7d8 e-flex e-con-boxed e-con e-parent\" data-id=\"8fea7d8\" data-element_type=\"container\" data-e-type=\"container\">\n\t\t\t\t\t<div class=\"e-con-inner\">\n\t\t<div class=\"elementor-element elementor-element-2443708 e-con-full e-flex e-con e-child\" data-id=\"2443708\" data-element_type=\"container\" data-e-type=\"container\">\n\t\t\t\t<div class=\"elementor-element elementor-element-7ce13aa elementor-widget elementor-widget-heading\" data-id=\"7ce13aa\" data-element_type=\"widget\" data-e-type=\"widget\" data-widget_type=\"heading.default\">\n\t\t\t\t<div class=\"elementor-widget-container\">\n\t\t\t\t\t<h2 class=\"elementor-heading-title elementor-size-default\">Terms of Service<\/h2>\t\t\t\t<\/div>\n\t\t\t\t<\/div>\n\t\t\t\t<div class=\"elementor-element elementor-element-2476f45 elementor-widget__width-initial elementor-widget elementor-widget-text-editor\" data-id=\"2476f45\" data-element_type=\"widget\" data-e-type=\"widget\" data-widget_type=\"text-editor.default\">\n\t\t\t\t<div class=\"elementor-widget-container\">\n\t\t\t\t\t\t\t\t\t<p><strong>1.<\/strong> The service Invosy.com is provided by Invosy AB (company registration number 559236-7311, website: www.invosy.com\n).\n\nIn these terms and conditions, Invosy is referred to as \u201cwe,\u201d \u201cus,\u201d or a registered partner company name.\n\nThe user of the service refers to an entrepreneur who independently agrees with their client on work tasks and pricing.<\/p><p><strong>2.<\/strong> In principle, Invosy shall not market or sell the services provided to users of the service.\n\nSales promotion activities and marketing must be agreed upon separately and personally between Invosy and the user.<\/p><p><strong>3.<\/strong> The implementation of the service requires that accounts be created on the website invosy.com. Creating an account is straightforward and does not bind the user to anything.\n\nInvosy confirms the functionality of the ID to the service user with a separate message: \u201cThank you for registering. You can now log in to the service.\u201d<\/p><p><strong>4.<\/strong> Invosy shall in no way be held responsible for the users\u2019 responsibilities or obligations regarding the performance of their work. Responsibilities and obligations in this context include errors, delays, or omissions that occur during or after the performance of the user\u2019s work. The service user must independently resolve any disputes regarding the performance of the work with their customer. If the service user does not consent, cannot, or is otherwise unable to correct an error they caused, Invosy has the right to correct the improper performance of the work and recover the costs from the service user. The service user must ensure that the customer and any other third parties are fully aware of Invosy\u2019s status and the allocation of responsibilities between the parties.<\/p><p><strong>5.<\/strong> The service user is covered by statutory insurance for work performed invoiced via Invosy and related travel. The insurance includes accident, legal protection, and liability coverage. Our accident, legal protection, and liability insurance covers the most common jobs for a small-scale entrepreneur. The user is responsible for ensuring that the work they perform falls within the scope of Invosy\u2019s accident, legal protection, and liability insurance. Invosy provides the insurance together with the mutual insurance company Svedea. The service user is responsible for paying the deductible for any insurance claims. The insurance does not cover damages caused by unqualified work. If the profession of the service user is subject to regulatory oversight, Invosy must be provided with sufficient and correct certificates and documents verifying the user\u2019s professional qualifications.<\/p><p><strong>6.<\/strong> Invosy shall ensure the data protection of service users in accordance with the Data Protection Act (2018:218) and the GDPR (2016\/679).\n\nThe user of the service is not entitled to make purchases by invoice, credit, installment, or subcontractor agreement in Invosy\u2019s name.\n\nThe service user\u2019s agreements shall be structured so that Invosy acts as an administrative company, and the service user is responsible for their own contractual obligations.\n\nInvosy\u2019s name may not be used for VAT-exempt purchases within or outside the EU.<\/p><p><strong>7.<\/strong> The service fee stated and applicable on the Invosy website will be charged in connection with the payment of wages. The service fee is progressive and depends on the service user\u2019s total invoicing. The service fee is a percentage calculated from the invoice amount excluding VAT. There is no separate minimum amount for the service fee.<\/p><p>The service fee for QuickPay is 3.5% (+ 25% VAT) and is charged in addition to the standard service fee. QuickPay is invoice-specific, and to activate it, you must select a separate QuickPay option from the invoicing form.\n\nQuickPay requires that the invoice is correct and verified. The QuickPay user receives their payment in their bank account on the same day (depending on interbank connections) once confirmation of the invoice\u2019s accuracy has been received from the client, i.e., the correctness of the invoice can be verified.\n\nThe accuracy of the specified payment is confirmed directly by the client, unless the user has provided a written confirmation of the invoice. Only one QuickPay can be open at a time. The total invoice amount can be up to SEK 40,000.\n\nA prerequisite for QuickPay is that the work ordered by the client has been completed.<\/p><p><strong>8.<\/strong> The service user is responsible for ensuring that the correct tax rate is selected in their account settings. If this is not done before the first paycheck, a withholding tax of 58% will apply.<\/p><p><strong>9.<\/strong> Invosy shall pay the salary to the service user once the payment from the client has been received in Invosy\u2019s account or according to a separate agreement. The salary will be paid when all necessary information (receipts, travel claims, sufficient personal information, etc.) has been submitted to Invosy.<\/p><p>The service user\u2019s salary is determined based on the VAT-excluded amount of the invoicing. Invosy\u2019s service fee, statutory employer costs, and the service user\u2019s personal withholding tax are deducted from the invoiced VAT-excluded amount.\n\nSalaries and reimbursements to be paid are agreed upon in accordance with the assignment and are one-time payments, including holiday pay.<\/p><p>In addition to the salary payment, an electronic payslip will be provided to the user. The user also has the right to request a payslip. Furthermore, it is stated that the service user does not need to make separate tax declarations for their salary or separate payments to others.<\/p><p><strong>10.<\/strong> The user of the service is obliged to comply with occupational safety regulations.\n\nTax-free reimbursements and daily allowances related to work are reimbursed upon submission of proper receipts. Expenses may be reimbursed for business travel (excluding commuting between home and work), for the use of a personal vehicle, and for material costs related to the work.<\/p><p>It is not possible for the service user to deduct the acquisition of fixed assets through Invosy, as the accounting ownership would otherwise transfer to Invosy. Such acquisitions must be deducted in the personal taxation of the service user.\n\nFurthermore, the user of the service is responsible for ensuring that the declared tax-free expenses and other costs are correct and not older than two months (receipts must be submitted in original form no later than when the payment is made). Invosy reserves the right to reject receipts.<\/p><p><strong>11.<\/strong> The user of the service is obliged to agree on the work performed and the prices with their client. Invosy recommends entering into a separate contract or employment agreement, which at a minimum specifies the scope of the work.\n\nThe user must set their total invoicing price in such a way that the resulting gross salary does not fall below the income specified in the applicable industry employment agreement. The income must not be lower than the industry\u2019s minimum wage regulations, including the payment of tax-free expense reimbursements.\n\nInvosy reserves the right not to pay the order if there is reason to suspect a breach of the above rules.<\/p><p><strong>12.<\/strong> Additionally:<br \/>The user of the service must comply with applicable legislation in Sweden.<\/p><p>The user of the service must comply with occupational safety regulations and is obliged to familiarize themselves with the hazards and disadvantages of the upcoming work, as well as the associated safety measures, before starting the work.\n\nThe service user must ensure they have the correct and up-to-date protective equipment required to perform the work. The service user is also responsible for the proper use of this equipment.<\/p><p>For regulated professions, the service user must provide proof of their qualifications through appropriate documentation. If the performance of the work requires separate permits, the service user is responsible for ensuring that they have the appropriate and current permits to carry out the work.\n\nAssignments within regulated professions must be approved by Invosy in advance. If these conditions are violated, the service user is not entitled to compensation through Invosy Sverige AB\u2019s liability insurance.<\/p><p>The user of the service is personally responsible for ensuring that all information provided is accurate. This includes, among other things, the information submitted in the invoicing form and the declaration of tax-free reimbursements and other expenses.\n\nUnder no circumstances will Invosy guarantee the work performed by the entrepreneur, nor will it pay damages under the Product Liability Act (1992:18). For tax and accounting purposes, the entrepreneur is considered employed by Invosy. In other respects, such as labor law, the employer\u2019s legal status may differ. For unemployment benefits, the employer may be classified as a business owner.<\/p>\t\t\t\t\t\t\t\t<\/div>\n\t\t\t\t<\/div>\n\t\t\t\t<\/div>\n\t\t\t\t\t<\/div>\n\t\t\t\t<\/div>\n\t\t\t\t<\/div>","protected":false},"excerpt":{"rendered":"<p>Anv\u00e4ndarvillkor 1. Tj\u00e4nsten Invosy.com tillhandah\u00e5lls av Invosy AB (organisationsnummer 559236-7311, IP-adress: www.invosy.com). Med dessa villkor avses Invosy som \u201dvi\u201d, \u201doss\u201d eller ett registrerat hj\u00e4lpf\u00f6retagsnamn. Med anv\u00e4ndaren av tj\u00e4nsten avses en entrepren\u00f6r som sj\u00e4lvst\u00e4ndigt kommer \u00f6verens med sin uppdragsgivare om arbetsuppgifter och priss\u00e4ttning. 2. Invosy ska i princip inte marknadsf\u00f6ra eller s\u00e4lja de tj\u00e4nster som tillhandah\u00e5lls [&hellip;]<\/p>\n","protected":false},"author":1,"featured_media":0,"parent":0,"menu_order":0,"comment_status":"closed","ping_status":"closed","template":"","meta":{"_eb_attr":"","footnotes":""},"class_list":["post-10861","page","type-page","status-publish","hentry"],"yoast_head":"<!-- This site is optimized with the Yoast SEO plugin v27.5 - https:\/\/yoast.com\/product\/yoast-seo-wordpress\/ -->\n<title>Anv\u00e4ndarvillkor - Fakturera utan eget f\u00f6retag | Invosy<\/title>\n<meta name=\"robots\" content=\"index, follow, max-snippet:-1, max-image-preview:large, max-video-preview:-1\" \/>\n<link rel=\"canonical\" href=\"https:\/\/invosy.com\/se\/eng\/anvandarvillkor\/\" \/>\n<meta property=\"og:locale\" content=\"en_GB\" \/>\n<meta property=\"og:type\" content=\"article\" \/>\n<meta property=\"og:title\" content=\"Anv\u00e4ndarvillkor - Fakturera utan eget f\u00f6retag | Invosy\" \/>\n<meta property=\"og:description\" content=\"Anv\u00e4ndarvillkor 1. Tj\u00e4nsten Invosy.com tillhandah\u00e5lls av Invosy AB (organisationsnummer 559236-7311, IP-adress: www.invosy.com). Med dessa villkor avses Invosy som \u201dvi\u201d, \u201doss\u201d eller ett registrerat hj\u00e4lpf\u00f6retagsnamn. Med anv\u00e4ndaren av tj\u00e4nsten avses en entrepren\u00f6r som sj\u00e4lvst\u00e4ndigt kommer \u00f6verens med sin uppdragsgivare om arbetsuppgifter och priss\u00e4ttning. 2. Invosy ska i princip inte marknadsf\u00f6ra eller s\u00e4lja de tj\u00e4nster som tillhandah\u00e5lls [&hellip;]\" \/>\n<meta property=\"og:url\" content=\"https:\/\/invosy.com\/se\/eng\/anvandarvillkor\/\" \/>\n<meta property=\"og:site_name\" content=\"Fakturera utan eget f\u00f6retag | Invosy\" \/>\n<meta property=\"article:publisher\" content=\"https:\/\/www.facebook.com\/invosy\/\" \/>\n<meta property=\"article:modified_time\" content=\"2026-03-20T07:04:17+00:00\" \/>\n<meta name=\"twitter:card\" content=\"summary_large_image\" \/>\n<meta name=\"twitter:label1\" content=\"Estimated reading time\" \/>\n\t<meta name=\"twitter:data1\" content=\"5 minutes\" \/>\n<script type=\"application\/ld+json\" class=\"yoast-schema-graph\">{\"@context\":\"https:\\\/\\\/schema.org\",\"@graph\":[{\"@type\":\"WebPage\",\"@id\":\"https:\\\/\\\/invosy.com\\\/se\\\/anvandarvillkor\\\/\",\"url\":\"https:\\\/\\\/invosy.com\\\/se\\\/anvandarvillkor\\\/\",\"name\":\"Anv\u00e4ndarvillkor - Fakturera utan eget f\u00f6retag | Invosy\",\"isPartOf\":{\"@id\":\"https:\\\/\\\/invosy.com\\\/se\\\/#website\"},\"datePublished\":\"2026-03-20T07:01:23+00:00\",\"dateModified\":\"2026-03-20T07:04:17+00:00\",\"breadcrumb\":{\"@id\":\"https:\\\/\\\/invosy.com\\\/se\\\/anvandarvillkor\\\/#breadcrumb\"},\"inLanguage\":\"en-GB\",\"potentialAction\":[{\"@type\":\"ReadAction\",\"target\":[\"https:\\\/\\\/invosy.com\\\/se\\\/anvandarvillkor\\\/\"]}]},{\"@type\":\"BreadcrumbList\",\"@id\":\"https:\\\/\\\/invosy.com\\\/se\\\/anvandarvillkor\\\/#breadcrumb\",\"itemListElement\":[{\"@type\":\"ListItem\",\"position\":1,\"name\":\"Home\",\"item\":\"https:\\\/\\\/invosy.com\\\/se\\\/\"},{\"@type\":\"ListItem\",\"position\":2,\"name\":\"Anv\u00e4ndarvillkor\"}]},{\"@type\":\"WebSite\",\"@id\":\"https:\\\/\\\/invosy.com\\\/se\\\/#website\",\"url\":\"https:\\\/\\\/invosy.com\\\/se\\\/\",\"name\":\"Fakturera utan eget f\u00f6retag | Invosy\",\"description\":\"Det smarta alternativet\",\"publisher\":{\"@id\":\"https:\\\/\\\/invosy.com\\\/se\\\/#organization\"},\"potentialAction\":[{\"@type\":\"SearchAction\",\"target\":{\"@type\":\"EntryPoint\",\"urlTemplate\":\"https:\\\/\\\/invosy.com\\\/se\\\/?s={search_term_string}\"},\"query-input\":{\"@type\":\"PropertyValueSpecification\",\"valueRequired\":true,\"valueName\":\"search_term_string\"}}],\"inLanguage\":\"en-GB\"},{\"@type\":\"Organization\",\"@id\":\"https:\\\/\\\/invosy.com\\\/se\\\/#organization\",\"name\":\"Invosy\",\"url\":\"https:\\\/\\\/invosy.com\\\/se\\\/\",\"logo\":{\"@type\":\"ImageObject\",\"inLanguage\":\"en-GB\",\"@id\":\"https:\\\/\\\/invosy.com\\\/se\\\/#\\\/schema\\\/logo\\\/image\\\/\",\"url\":\"https:\\\/\\\/invosy.com\\\/se\\\/wp-content\\\/uploads\\\/2022\\\/09\\\/Invosy_Logotype-orig.png\",\"contentUrl\":\"https:\\\/\\\/invosy.com\\\/se\\\/wp-content\\\/uploads\\\/2022\\\/09\\\/Invosy_Logotype-orig.png\",\"width\":1000,\"height\":289,\"caption\":\"Invosy\"},\"image\":{\"@id\":\"https:\\\/\\\/invosy.com\\\/se\\\/#\\\/schema\\\/logo\\\/image\\\/\"},\"sameAs\":[\"https:\\\/\\\/www.facebook.com\\\/invosy\\\/\",\"https:\\\/\\\/www.instagram.com\\\/invosy\\\/\"]}]}<\/script>\n<!-- \/ Yoast SEO plugin. -->","yoast_head_json":{"title":"Anv\u00e4ndarvillkor - Fakturera utan eget f\u00f6retag | Invosy","robots":{"index":"index","follow":"follow","max-snippet":"max-snippet:-1","max-image-preview":"max-image-preview:large","max-video-preview":"max-video-preview:-1"},"canonical":"https:\/\/invosy.com\/se\/eng\/anvandarvillkor\/","og_locale":"en_GB","og_type":"article","og_title":"Anv\u00e4ndarvillkor - Fakturera utan eget f\u00f6retag | Invosy","og_description":"Anv\u00e4ndarvillkor 1. Tj\u00e4nsten Invosy.com tillhandah\u00e5lls av Invosy AB (organisationsnummer 559236-7311, IP-adress: www.invosy.com). Med dessa villkor avses Invosy som \u201dvi\u201d, \u201doss\u201d eller ett registrerat hj\u00e4lpf\u00f6retagsnamn. Med anv\u00e4ndaren av tj\u00e4nsten avses en entrepren\u00f6r som sj\u00e4lvst\u00e4ndigt kommer \u00f6verens med sin uppdragsgivare om arbetsuppgifter och priss\u00e4ttning. 2. Invosy ska i princip inte marknadsf\u00f6ra eller s\u00e4lja de tj\u00e4nster som tillhandah\u00e5lls [&hellip;]","og_url":"https:\/\/invosy.com\/se\/eng\/anvandarvillkor\/","og_site_name":"Fakturera utan eget f\u00f6retag | Invosy","article_publisher":"https:\/\/www.facebook.com\/invosy\/","article_modified_time":"2026-03-20T07:04:17+00:00","twitter_card":"summary_large_image","twitter_misc":{"Estimated reading time":"5 minutes"},"schema":{"@context":"https:\/\/schema.org","@graph":[{"@type":"WebPage","@id":"https:\/\/invosy.com\/se\/anvandarvillkor\/","url":"https:\/\/invosy.com\/se\/anvandarvillkor\/","name":"Anv\u00e4ndarvillkor - Fakturera utan eget f\u00f6retag | Invosy","isPartOf":{"@id":"https:\/\/invosy.com\/se\/#website"},"datePublished":"2026-03-20T07:01:23+00:00","dateModified":"2026-03-20T07:04:17+00:00","breadcrumb":{"@id":"https:\/\/invosy.com\/se\/anvandarvillkor\/#breadcrumb"},"inLanguage":"en-GB","potentialAction":[{"@type":"ReadAction","target":["https:\/\/invosy.com\/se\/anvandarvillkor\/"]}]},{"@type":"BreadcrumbList","@id":"https:\/\/invosy.com\/se\/anvandarvillkor\/#breadcrumb","itemListElement":[{"@type":"ListItem","position":1,"name":"Home","item":"https:\/\/invosy.com\/se\/"},{"@type":"ListItem","position":2,"name":"Anv\u00e4ndarvillkor"}]},{"@type":"WebSite","@id":"https:\/\/invosy.com\/se\/#website","url":"https:\/\/invosy.com\/se\/","name":"Fakturera utan eget f\u00f6retag | Invosy","description":"Det smarta alternativet","publisher":{"@id":"https:\/\/invosy.com\/se\/#organization"},"potentialAction":[{"@type":"SearchAction","target":{"@type":"EntryPoint","urlTemplate":"https:\/\/invosy.com\/se\/?s={search_term_string}"},"query-input":{"@type":"PropertyValueSpecification","valueRequired":true,"valueName":"search_term_string"}}],"inLanguage":"en-GB"},{"@type":"Organization","@id":"https:\/\/invosy.com\/se\/#organization","name":"Invosy","url":"https:\/\/invosy.com\/se\/","logo":{"@type":"ImageObject","inLanguage":"en-GB","@id":"https:\/\/invosy.com\/se\/#\/schema\/logo\/image\/","url":"https:\/\/invosy.com\/se\/wp-content\/uploads\/2022\/09\/Invosy_Logotype-orig.png","contentUrl":"https:\/\/invosy.com\/se\/wp-content\/uploads\/2022\/09\/Invosy_Logotype-orig.png","width":1000,"height":289,"caption":"Invosy"},"image":{"@id":"https:\/\/invosy.com\/se\/#\/schema\/logo\/image\/"},"sameAs":["https:\/\/www.facebook.com\/invosy\/","https:\/\/www.instagram.com\/invosy\/"]}]}},"_links":{"self":[{"href":"https:\/\/invosy.com\/se\/eng\/wp-json\/wp\/v2\/pages\/10861","targetHints":{"allow":["GET"]}}],"collection":[{"href":"https:\/\/invosy.com\/se\/eng\/wp-json\/wp\/v2\/pages"}],"about":[{"href":"https:\/\/invosy.com\/se\/eng\/wp-json\/wp\/v2\/types\/page"}],"author":[{"embeddable":true,"href":"https:\/\/invosy.com\/se\/eng\/wp-json\/wp\/v2\/users\/1"}],"replies":[{"embeddable":true,"href":"https:\/\/invosy.com\/se\/eng\/wp-json\/wp\/v2\/comments?post=10861"}],"version-history":[{"count":6,"href":"https:\/\/invosy.com\/se\/eng\/wp-json\/wp\/v2\/pages\/10861\/revisions"}],"predecessor-version":[{"id":10875,"href":"https:\/\/invosy.com\/se\/eng\/wp-json\/wp\/v2\/pages\/10861\/revisions\/10875"}],"wp:attachment":[{"href":"https:\/\/invosy.com\/se\/eng\/wp-json\/wp\/v2\/media?parent=10861"}],"curies":[{"name":"wp","href":"https:\/\/api.w.org\/{rel}","templated":true}]}}